
Let m be -2*(-1 - 1 - -4). Let o(c) = c - 1. Let h(w) = 2*w**2 - 34 + 6*w + 31 - w**2. Let b(g) = h(g) - 2*o(g). Calculate b(m).
-1
Let h(y) = y**2 + 3*y - 2. Let i be h(-4). Suppose 3*x = 3*k + 2*x + 23, 0 = i*x - 10. Let l(b) = b**2 + 6*b - 2. What is l(k)?
-2
Let s(x) = x**3 - 2*x**2 + 5*x - 4. Suppose -4*l + 28 = 4*i, 13*i - 27 = -l + 8*i. Give s(l).
6
Let k(m) = -m**2 - 4*m + 5. Let v be k(0). Suppose -d = -4*s + 4 - 6, 4*d - 8 = -v*s. Let q(z) = 11*z - 2. Determine q(d).
20
Let g be (-1 + -1)*(-5)/(-2). Let w(d) = d. Let k(c) = c**2 - c + 1. Let x(h) = -k(h) - 4*w(h). What is x(g)?
-11
Let d(p) = -p**3 + 5*p**2 - 3*p. Let r = -35 - -54. Suppose 0 = 5*i + v - r, -4*i - 5*v = -5*i + 9. Give d(i).
4
Let f(b) be the third derivative of -1/12*b**4 + 0 + 0*b + 2*b**2 - 5/6*b**3. Let i be 10 + 1 + (-1 - 66/11). Give f(i).
-13
Let h be (-20)/(-6)*(-27)/(-18). Suppose -t + 1 = -v - 0, -2*v + 5 = h*t. Suppose -2*c = -w - 2*w - t, w = 5*c - 9. Let k(b) = -b + 2. Give k(c).
0
Let t(b) = -b**2 - 13*b - 20. Let c be 4*((-28)/16 + -1). Let a be t(c). Let j(r) = -4*r - 3 + 4 + 2. What is j(a)?
-5
Suppose 5*y + 5 + 0 = 4*o, -5*o + 3*y + 16 = 0. Suppose -5*d = -o - 5. Let g(p) = 0*p**2 + p + 0*p**2 - 6*p**2 - p**3 + 2*p**d. Calculate g(-4).
-4
Let m(a) = -8*a - 36. Suppose -3*l - 3679 + 3664 = 0. Calculate m(l).
4
Let z(f) be the third derivative of -f**4/24 - 214*f**2. Determine z(4).
-4
Let u = -43 - 41. Let t = u + 79. Let b(g) = -g - 3. Calculate b(t).
2
Let t(k) = k**3 - 9*k**2 + 14*k + 6. Let h be t(7). Suppose 10 = -h*a + 11*a. Let v(m) = 2*m**a + 9*m - m - 3*m - m**2 + 1. Calculate v(-3).
-5
Let c be 1 + -2 + (-1 - -3). Let f(l) = 4*l - c - 6*l**3 + 2*l**3 - 3*l. Let y = -37 + 38. Give f(y).
-4
Let j(i) = -i + 32. Let g be 6/9*897/26. What is j(g)?
9
Let a(j) be the third derivative of -j**4/8 + 7*j**3/3 - j**2 + 128*j. Determine a(2).
8
Let y(q) = -5*q**2 - 3*q + 1. Let u(l) = -11*l**2 - 5*l + 1. Let x(s) = -4*u(s) + 9*y(s). Let c be ((-148)/5)/4 + (-6)/(-15). Give x(c).
5
Suppose -2*s - s = 9. Let f be 2/18*3*s. Let n(z) = 5*z + 1. Let b be n(f). Let u(j) = j. What is u(b)?
-4
Let r(u) = u**3 + 4*u**2 + 4*u + 2. Let j be r(-3). Let s = -23 + 26. Let b(g) = g - 49*g**3 + 48*g**s + 0*g**2 + 0*g**2. What is b(j)?
0
Let h(x) = x**2 + 7*x + 2. Suppose 61*s + 69 = -358. Calculate h(s).
2
Let a(w) be the second derivative of -w**4/12 - w**3/3 - 5*w**2/2 - 2*w + 38. Calculate a(-3).
-8
Let f(k) be the third derivative of -k**4/24 + 3*k**3 + 29*k**2. What is f(0)?
18
Let w = 46 + -37. Let t = 14 - w. Suppose t*c = 3*c - 2. Let x(u) = 7*u - 1. Give x(c).
-8
Let p = 11 - -10. Suppose p = 4*y - y. Suppose u - y = -2*a, -2*u + a - 4*a + 10 = 0. Let q(c) = -14*c**3 + c + 1. Give q(u).
14
Let q(c) = 9*c**3 + c**2 + c + 1. Let k(m) = 2*m**2 - 3*m + 4. Let r be k(2). Let p be 22/(-26) + r/(-39). Calculate q(p).
-8
Let n(k) = 44*k + 9. Let t(l) = 96*l + 20. Let p(c) = 13*n(c) - 6*t(c). Determine p(6).
-27
Let x be 4 + 4 + (4 - 3). Let g(r) = 2*r - 15. Give g(x).
3
Let x(a) = -4*a - 1. Suppose -4*j = 4*i + 40, -j - j + i = 20. Let q be (1 - -9)/(j/(-5)). Suppose 6 = -q*l + 2*l. What is x(l)?
7
Let b(t) = t + 1. Let x(v) = 2*v + 8 - 6 + 0*v. Let d(c) = 4*b(c) - x(c). Suppose r + r - 2*s - 18 = 0, -2*s - 10 = 0. What is d(r)?
10
Let g(t) = 7*t - 4. Let c(j) = -11*j + 6. Let p(y) = 5*c(y) + 8*g(y). Let a(u) = u + 11. Let f be a(-13). Determine p(f).
-4
Let v(h) = -2*h - 2. Let o be (-22)/6 + 4/(-12). Let d be (1 - -3) + 3 + o. Let c be (1/(-2))/(d/12). What is v(c)?
2
Let u(d) = -d**2. Let s(h) = -h**3 - 15*h**2 - 15*h - 14. Let n be s(-14). Let l(i) = i - 1. Let v be l(n). Give u(v).
-1
Let v(t) = 2*t**3 - 12*t**2 + 3*t - 12. Let n be v(6). Let i(f) = f**3 - 7*f**2 + 8*f - 13. Calculate i(n).
-1
Let q = 431 + -413. Let m(r) = r**2 - 18*r + 5. Determine m(q).
5
Let m(v) = v**3 - 3*v**2 - v - 1. Let y = -60 - -63. Calculate m(y).
-4
Suppose j - 32 = -7*j. Let r(p) = -p**2 + 3*p + 4. Determine r(j).
0
Let c = 411 - 405. Let i(z) = -2*z + 12. What is i(c)?
0
Let j(q) = 7*q**2 - 2*q - 1. Suppose -10*m = -5*m - 5. Suppose 3*g + m + 2 = 0. Calculate j(g).
8
Let s(r) = r - 10. Let y be s(14). Suppose -5*c - 13 = -n - 5, -2 = y*c - 3*n. Let d(v) = v**2 + v + 1. Give d(c).
3
Let l(n) = 3*n + 4. Let a(j) = -3*j - 10*j**2 - 16 + 16*j + 4*j**2 + 5*j**2. Let f be 2/3 + (-34)/(-3). Let m be a(f). Determine l(m).
-8
Let p(d) = d**2 - 16*d - 6. Let r(n) = 2*n**2 - 29*n - 11. Let o(c) = 11*p(c) - 6*r(c). Let k be 0 + 2/1 + -6. What is o(k)?
-8
Let p(d) = -14*d**2 + 79*d + 9. Let q be p(6). Let m(n) = n**3 + 23*n**2 + 42*n - 1. Give m(q).
-1
Let s(x) = x**2 - 5*x + 5. Suppose 3 = -2*p + 9. Suppose -4*c = p*c - 42. Calculate s(c).
11
Let g(z) = 5*z**3 - 2*z**2 - 1. Let a be (66 + -68)/(-3 - -2). Calculate g(a).
31
Let o be -1 + -6 - (-8 + 3). Let x(p) = -p**3 - p**2 - p. Give x(o).
6
Suppose 64 = 11*f - 3*f. Let m(k) = -7 - f*k**2 + 3*k + 3*k**2 - k**3 - k - k. What is m(-5)?
-12
Let w(i) = i**2 - i + 1. Let b(d) = 2*d**3 - 4*d**2 + 4*d - 2. Let o be b(3). Suppose -o = 13*t + t. Give w(t).
7
Suppose 0 = -6*y + 3 + 27. Suppose 0 = 3*j - 5*j + 10. Let m(g) = 4*g - g**2 + 0 - 1 - g + j*g. Calculate m(y).
14
Let n(w) = w**2 - 7*w + 4. Suppose 7*h = 8*h + 2*t - 14, 0 = 3*h + t - 47. Suppose h*r = 9*r + 49. Determine n(r).
4
Let c(y) = 132*y - 386*y + 130*y + y**3 + 126*y + 9*y**2 + 14. Calculate c(-9).
-4
Suppose 0 = -5*v - 4*i - 30, -2 + 21 = 3*v - 5*i. Let b(w) = w**3 - 2*w**2 + 4*w + 2. Let o(x) = -x**2 + x + 1. Let k(m) = -b(m) + 4*o(m). What is k(v)?
2
Let n(f) be the second derivative of 0 + 1/6*f**3 + 15/2*f**2 + f. Suppose -h - 29*h = 26*h. Give n(h).
15
Let j(z) = -z**3 - 6*z**2 - 9*z - 51. Let u be j(-6). Let d(s) = -s**3 + 4*s**2 - 6*s - 3. What is d(u)?
-12
Let s(l) = -l**2 - 2*l - 2. Let r be 4 - (-1 - (-3 + 1)). Let n = r - -6. Suppose 17 = -4*i + h, -5*i - 5*h + 1 = -n. What is s(i)?
-5
Let q(p) = -p + 1 + p**3 + 2*p + 0*p + 4*p - 6*p. Let a = -1 - -1. Give q(a).
1
Let w(y) = -y**2 + 7*y + 2. Suppose 0 = -2*v + 29 - 5. Let z = -10 + v. Suppose 1 - 13 = -z*i. Give w(i).
8
Let h be -22 + ((-2)/(-1) - 0). Let r be (15/h)/((-1)/4). Let u(n) = -13 + 8 + r*n + n**2 + 1 + 0*n. Calculate u(-3).
-4
Let b(k) = -42*k + 79*k - 37*k + 7 + k**2. Calculate b(0).
7
Let t be ((-75)/(-5))/(1/1). Let i = t - 13. Let s(h) = 11 - h - h**2 + 3*h**2 - h**3 - 10. Determine s(i).
-1
Let q be 12 + 37/(-3) - (-34)/(-6). Let r(o) = o**3 + 5*o**2 - 8*o - 15. What is r(q)?
-3
Let c(s) be the second derivative of s**5/20 - s**3/3 + s**2/2 + 2*s + 71. Calculate c(1).
0
Let m(n) = 13*n**2 - 15*n + 81. Let w(g) = -11*g**2 + 14*g - 67. Let y(i) = 5*m(i) + 6*w(i). Let l = 9 - 0. Give y(l).
3
Let o(g) be the second derivative of g**5/20 + g**4/2 - g**3/6 + 5*g**2/2 - 43*g. What is o(-6)?
11
Let q(j) = 4*j**2 - 2*j - 2. Let n be (0 - 4)*(-6)/24. Let w(c) = c**2 - c - 1. Let k(x) = n*q(x) - 5*w(x). Calculate k(4).
-1
Let k(h) = -h**3 - h**2 - 2. Let w = -4 - -4. Let z be k(w). Let u(l) be the third derivative of l**4/12 - l**3/3 - 4*l**2 + 10. What is u(z)?
-6
Let u(z) be the first derivative of z**4/4 - 7*z**3/3 + 3*z**2 + 7*z + 107. Determine u(6).
7
Let w(x) = 4*x. Let j(c) be the second derivative of -c**4/12 - c**3 + 3*c**2/2 + 2*c. Let g be j(-6). What is w(g)?
12
Let v(x) = -3 + 0*x + x**2 + 3*x + x. Let r = 221 + -219. What is v(r)?
9
Let v(k) = -1 - 13*k**2 + 1 + 11 + 12*k**2 + k + k. Calculate v(-4).
-13
Let u(j) be the first derivative of -j**3/3 - j**2 - 6*j + 36. Calculate u(-6).
-30
Let k(x) = -27*x**2 + 30*x + 15. Let o(g) = 11*g**2 - 12*g - 6. Let y(p) = -5*k(p) - 12*o(p). What is y(3)?
6
Suppose -37*w + 32*w = -50. Let z(f) = -f**2 + 11*f - 7. What is z(w)?
3
Let g(r) = 3 + 2 - 13 - 2*r + 5 + 10. What is g(8)?
-9
Let a(t) = -t**2 - 2. Let g be a(-2). Let q be 12*(3/g)/1. Let l(b) = -b**3 - 6*b**2 + 3. Determine l(q).
3
Let i = -674 + 671. Let g(v) be the third derivative of v**6/120 + v**5/15 + 5*v**4/24 + v**3/2 - v**2. What is g(i)?
-3
Let v(d) = -d**2 - 22. Suppose 0 = 9*f - 0*f + 4*f. Calculate v(f).
-22
Let d(m) = m**2 - 7*m + 7. Let l(z) = 2*z**2 - 19*z + 16. Let x be l(9). Give d(x).
7
Suppose -84 + 64 = -5*x. Let h = 3 + -2. Let v(s) = 3*s + 2. Let i(j) = -j - 1. Let f(n) = h*i(n) + 